{"id":43,"date":"2012-03-27T20:44:13","date_gmt":"2012-03-27T18:44:13","guid":{"rendered":"http:\/\/timmey.ath.cx\/itsht\/wordpress\/?page_id=43"},"modified":"2013-03-27T12:16:06","modified_gmt":"2013-03-27T10:16:06","slug":"blublublo","status":"publish","type":"page","link":"https:\/\/itservices-ht.de\/?page_id=43","title":{"rendered":"Datenrettung"},"content":{"rendered":"<p>Wiederherstellung von versehentlich oder absichtlich gel\u00f6schten, formatierten oder partitionierten Datentr\u00e4gern unter der Voraussetzung,dass der betreffende Datentr\u00e4ger physikalisch in Ordnung ist.<\/p>\n<p>Das schlie\u00dft ein: Speicherkarten,USB-Sticks, Festplatten<\/p>\n<p><strong><span style=\"color: #ff0000;\">Achtung<\/span>:<\/strong><\/p>\n<p>Sollte Ihnen ein diesbez\u00fcglicher Fehler unterlaufen sein, dann versuchen Sie NICHT Daten auf das Laufwerk zu kopieren. Jeder Schreibversuch zerst\u00f6rt Daten,die vielleicht gerettet werden k\u00f6nnen. Schalten Sie den Rechner aus bzw. ziehen Sie den betreffenden Datentr\u00e4ger ab und setzen Sie sich umgehend mit uns in Verbindung.<\/p>\n<p>&nbsp;<\/p>\n<p>&nbsp;<\/p>\n<p>&nbsp;<\/p>\n<p>&nbsp;<\/p>\n<p>Eine mechanisch oder elektronisch defekte Festplatte kann nur in einem \u00a0aufw\u00e4ndigen Spezialverfahren rekonstruiert werden.<\/p>\n","protected":false},"excerpt":{"rendered":"<p>Wiederherstellung von versehentlich oder absichtlich gel\u00f6schten, formatierten oder partitionierten Datentr\u00e4gern unter der Voraussetzung,dass der betreffende Datentr\u00e4ger physikalisch in Ordnung ist. Das schlie\u00dft ein: Speicherkarten,USB-Sticks, Festplatten Achtung: Sollte Ihnen ein diesbez\u00fcglicher Fehler unterlaufen sein, dann versuchen Sie NICHT Daten auf das Laufwerk zu kopieren. Jeder Schreibversuch zerst\u00f6rt Daten,die vielleicht gerettet werden k\u00f6nnen. Schalten Sie den Rechner [&hellip;]<\/p>\n","protected":false},"author":1,"featured_media":0,"parent":13,"menu_order":50,"comment_status":"closed","ping_status":"open","template":"","meta":{"footnotes":""},"class_list":["post-43","page","type-page","status-publish","hentry"],"_links":{"self":[{"href":"https:\/\/itservices-ht.de\/index.php?rest_route=\/wp\/v2\/pages\/43","targetHints":{"allow":["GET"]}}],"collection":[{"href":"https:\/\/itservices-ht.de\/index.php?rest_route=\/wp\/v2\/pages"}],"about":[{"href":"https:\/\/itservices-ht.de\/index.php?rest_route=\/wp\/v2\/types\/page"}],"author":[{"embeddable":true,"href":"https:\/\/itservices-ht.de\/index.php?rest_route=\/wp\/v2\/users\/1"}],"replies":[{"embeddable":true,"href":"https:\/\/itservices-ht.de\/index.php?rest_route=%2Fwp%2Fv2%2Fcomments&post=43"}],"version-history":[{"count":9,"href":"https:\/\/itservices-ht.de\/index.php?rest_route=\/wp\/v2\/pages\/43\/revisions"}],"predecessor-version":[{"id":45,"href":"https:\/\/itservices-ht.de\/index.php?rest_route=\/wp\/v2\/pages\/43\/revisions\/45"}],"up":[{"embeddable":true,"href":"https:\/\/itservices-ht.de\/index.php?rest_route=\/wp\/v2\/pages\/13"}],"wp:attachment":[{"href":"https:\/\/itservices-ht.de\/index.php?rest_route=%2Fwp%2Fv2%2Fmedia&parent=43"}],"curies":[{"name":"wp","href":"https:\/\/api.w.org\/{rel}","templated":true}]}}