{"id":75,"date":"2012-04-03T17:34:18","date_gmt":"2012-04-03T15:34:18","guid":{"rendered":"http:\/\/timmey.ath.cx\/itsht\/wordpress\/?page_id=75"},"modified":"2013-03-27T12:16:06","modified_gmt":"2013-03-27T10:16:06","slug":"konzeptionierung","status":"publish","type":"page","link":"https:\/\/itservices-ht.de\/?page_id=75","title":{"rendered":"Konzeptionierung"},"content":{"rendered":"<p>Sei planen den Aufbau oder die Erweiterung eines privaten oder gesch\u00e4flichen LAN-Netzwerks? Wir unterst\u00fctzen Sie dabei und \u00fcbernehmen von der Hardwarebeschaffung \u00fcber die gesamte Planung den Aufbau und die Einrichtung.<\/p>\n","protected":false},"excerpt":{"rendered":"<p>Sei planen den Aufbau oder die Erweiterung eines privaten oder gesch\u00e4flichen LAN-Netzwerks? Wir unterst\u00fctzen Sie dabei und \u00fcbernehmen von der Hardwarebeschaffung \u00fcber die gesamte Planung den Aufbau und die Einrichtung.<\/p>\n","protected":false},"author":1,"featured_media":0,"parent":13,"menu_order":0,"comment_status":"closed","ping_status":"open","template":"","meta":{"footnotes":""},"class_list":["post-75","page","type-page","status-publish","hentry"],"_links":{"self":[{"href":"https:\/\/itservices-ht.de\/index.php?rest_route=\/wp\/v2\/pages\/75","targetHints":{"allow":["GET"]}}],"collection":[{"href":"https:\/\/itservices-ht.de\/index.php?rest_route=\/wp\/v2\/pages"}],"about":[{"href":"https:\/\/itservices-ht.de\/index.php?rest_route=\/wp\/v2\/types\/page"}],"author":[{"embeddable":true,"href":"https:\/\/itservices-ht.de\/index.php?rest_route=\/wp\/v2\/users\/1"}],"replies":[{"embeddable":true,"href":"https:\/\/itservices-ht.de\/index.php?rest_route=%2Fwp%2Fv2%2Fcomments&post=75"}],"version-history":[{"count":2,"href":"https:\/\/itservices-ht.de\/index.php?rest_route=\/wp\/v2\/pages\/75\/revisions"}],"predecessor-version":[{"id":131,"href":"https:\/\/itservices-ht.de\/index.php?rest_route=\/wp\/v2\/pages\/75\/revisions\/131"}],"up":[{"embeddable":true,"href":"https:\/\/itservices-ht.de\/index.php?rest_route=\/wp\/v2\/pages\/13"}],"wp:attachment":[{"href":"https:\/\/itservices-ht.de\/index.php?rest_route=%2Fwp%2Fv2%2Fmedia&parent=75"}],"curies":[{"name":"wp","href":"https:\/\/api.w.org\/{rel}","templated":true}]}}