{"id":87,"date":"2012-04-03T18:17:45","date_gmt":"2012-04-03T16:17:45","guid":{"rendered":"http:\/\/timmey.ath.cx\/itsht\/wordpress\/?page_id=87"},"modified":"2013-03-27T12:16:06","modified_gmt":"2013-03-27T10:16:06","slug":"webhosting","status":"publish","type":"page","link":"https:\/\/itservices-ht.de\/?page_id=87","title":{"rendered":"WebHosting"},"content":{"rendered":"<p>Sie w\u00fcnschen eine neue Private oder Firmenhomepage ?<\/p>\n<p>Sie sind mit ihrem jetzigen Dienstleister unzufrieden,weil Ihre Webpr\u00e4senz zu oft nicht erreichbar ist. Sie haben mit Sicherheitsproblemen zu k\u00e4mpfen,weil ihr jetziger Dienstleister die Sicherheit seiner Server vernachl\u00e4ssigt?<\/p>\n<p>&nbsp;<\/p>\n<p>Wir \u00fcbernehmen den Umzug ihrer Seite<\/p>\n","protected":false},"excerpt":{"rendered":"<p>Sie w\u00fcnschen eine neue Private oder Firmenhomepage ? Sie sind mit ihrem jetzigen Dienstleister unzufrieden,weil Ihre Webpr\u00e4senz zu oft nicht erreichbar ist. Sie haben mit Sicherheitsproblemen zu k\u00e4mpfen,weil ihr jetziger Dienstleister die Sicherheit seiner Server vernachl\u00e4ssigt? &nbsp; Wir \u00fcbernehmen den Umzug ihrer Seite<\/p>\n","protected":false},"author":1,"featured_media":0,"parent":13,"menu_order":0,"comment_status":"closed","ping_status":"open","template":"","meta":{"footnotes":""},"class_list":["post-87","page","type-page","status-publish","hentry"],"_links":{"self":[{"href":"https:\/\/itservices-ht.de\/index.php?rest_route=\/wp\/v2\/pages\/87","targetHints":{"allow":["GET"]}}],"collection":[{"href":"https:\/\/itservices-ht.de\/index.php?rest_route=\/wp\/v2\/pages"}],"about":[{"href":"https:\/\/itservices-ht.de\/index.php?rest_route=\/wp\/v2\/types\/page"}],"author":[{"embeddable":true,"href":"https:\/\/itservices-ht.de\/index.php?rest_route=\/wp\/v2\/users\/1"}],"replies":[{"embeddable":true,"href":"https:\/\/itservices-ht.de\/index.php?rest_route=%2Fwp%2Fv2%2Fcomments&post=87"}],"version-history":[{"count":3,"href":"https:\/\/itservices-ht.de\/index.php?rest_route=\/wp\/v2\/pages\/87\/revisions"}],"predecessor-version":[{"id":136,"href":"https:\/\/itservices-ht.de\/index.php?rest_route=\/wp\/v2\/pages\/87\/revisions\/136"}],"up":[{"embeddable":true,"href":"https:\/\/itservices-ht.de\/index.php?rest_route=\/wp\/v2\/pages\/13"}],"wp:attachment":[{"href":"https:\/\/itservices-ht.de\/index.php?rest_route=%2Fwp%2Fv2%2Fmedia&parent=87"}],"curies":[{"name":"wp","href":"https:\/\/api.w.org\/{rel}","templated":true}]}}